n - 8. Calculate b(z).
-6
Suppose -4*u + 10 = u. Suppose 0 = -k + 4*c - 8, -k + 4*c - 2*c = -u. Suppose 0 = -0*p - 4*p + k. Let l(o) = o**3 - 3*o**2 + 2*o - 1. Determine l(p).
5
Let f(z) be the second derivative of z**4/4 - z**3/3 + z**2/2 + 4*z. Let t = -31 + 17. Let l be (-18)/(-14) + 4/t. Determine f(l).
2
Let s(i) = -i**2 - 5*i - 3. Let r be (-16)/(-10) - (-14)/35. Suppose -5*x - 5*g - 30 = 0, -g = -x + r*g + 2. Give s(x).
1
Let k be 3/((-3)/(-4)) + -2. Let v be (-8 + 10)*(-3)/(-2). Let r(z) = -v*z**k + 2 - 1 + z + 4*z**2 - z**3. Give r(2).
-1
Let m(h) = -h**3 + h**2 + 2*h - 4. Let y(d) = d**2 + 2. Let t be y(-1). Calculate m(t).
-16
Let x(k) = -k**3 + 4*k**2 - 2*k - 7. Let a be x(3). Let c(z) = 2*z**2 + 4*z - 4. What is c(a)?
12
Let j(l) be the second derivative of l**4/12 + 3*l**3/2 - 3*l**2/2 + 26*l. Give j(-8).
-11
Let g(n) be the second derivative of -n**5/20 - n**4/3 - n**3/6 - n**2/2 + 10*n. Let l be 66/(-15) - (-12)/30. Give g(l).
3
Let y(q) = q**3 + q**2 + 1. Let i(p) be the first derivative of -p**4/2 + p**3/3 + p**2/2 - 2*p - 5. Let t be i(1). Determine y(t).
-3
Let h(x) = -3*x - 12. Let l be h(-5). Let o(q) = q**3 - 5*q**2 + 5*q + 9. Let p(j) = 2*j**3 - 5*j**2 + 4*j + 10. Let b(t) = l*o(t) - 2*p(t). Calculate b(-6).
1
Let h(d) = 2*d**2 + 32*d - 1. Let p be h(-16). Let n(u) = 4*u - 2. Calculate n(p).
-6
Let r = 9 + -8. Let x(l) = 2*l**2 + l**3 - 2*l - r - 4 + 4. Determine x(-2).
3
Let b(s) = s**3 - 7*s**2 + 6*s + 5. Let p(v) = -7*v**3 - 2*v**2 - v. Let c be p(-1). Determine b(c).
5
Let i = 23 + -14. Suppose -3*v + 4 + 2 = 0. Suppose -v*p - i = -5*p. Let a(f) = 2*f - 4. Calculate a(p).
2
Let k = -5 - -4. Let n(f) = -13*f**3 - f**2. What is n(k)?
12
Let q(t) = -t - 7. Let w be 9/2*(-16)/(-24). Suppose 2 = w*r + z + 20, 4*z = -12. Calculate q(r).
-2
Suppose 84*b = 80*b. Let n(u) = u**2 + u - 2. Calculate n(b).
-2
Let w(m) = 3*m**2 - 3*m - 3. Suppose -4*j - 4*q = 0, 2*q = 2*j + q - 9. What is w(j)?
15
Let r(m) = 26*m + 20. Let q(o) = -o**2 + 8*o + 10. Let b be q(7). Let f(g) = 9*g + 7. Let z(t) = b*f(t) - 6*r(t). Give z(3).
-10
Let a(m) = 4*m + 27. Let n(c) = -c**2 - 4*c - 2. Let k be n(-4). Let y(d) = -d - 7. Let u(j) = k*a(j) - 9*y(j). Give u(-6).
3
Let h(f) = -17*f**2 + 14*f - 11. Let j(n) = n**2 + 1. Let q(x) = 10*x**2 - 7*x + 7. Let a(d) = -2*j(d) + q(d). Let z(w) = -13*a(w) - 6*h(w). What is z(5)?
-14
Let r(a) = -2*a**2 + 4*a - 4*a + 0*a**2 - 1. Suppose 0 = -x - 2*x - 12. Let f(w) = -w**2 - 4*w + 1. Let l be f(x). Calculate r(l).
-3
Let o(v) = 0*v + 5*v - 2*v + 2*v - v**2 + 2. Determine o(3).
8
Let f(t) = -t - 10. Let n be f(-12). Let g(h) = 2 - 7*h**n + h**3 - 2 - 3 + 4*h + 1. Give g(6).
-14
Let o = -10 + 14. Let f = o - 9. Let w(z) be the third derivative of z**4/12 + 7*z**3/6 - z**2. What is w(f)?
-3
Suppose -2 = -2*k + k. Let v(f) = k*f - 5*f - f. Let s = 4 - 6. Calculate v(s).
8
Let p(s) be the first derivative of 5*s**2 + s - 6. Give p(-1).
-9
Let a(n) = -n + 21 - 46 + 19. Give a(-5).
-1
Let v(g) be the second derivative of 5*g**4/12 - g**3/6 - 34*g. What is v(1)?
4
Let g(y) = 5*y - 3*y - 2 + 1. Determine g(2).
3
Let q(x) be the third derivative of -x**4/24 + 4*x**3/3 + 13*x**2. Give q(8).
0
Let h(r) = 5*r + 4. Let d(z) = 11*z + 8. Let u(w) = 3*d(w) - 7*h(w). What is u(-5)?
6
Let z(g) = -7*g + 5*g**2 + 15 - 6*g**2 + 8 - 24. Determine z(-7).
-1
Let h(u) = -u + 6. Let t be h(0). Let l(a) = a**2 - a**2 + a**3 - t*a**2. Give l(6).
0
Let i(d) be the first derivative of -d**4/4 - d**3 + d**2 + 2*d + 7. Determine i(-3).
-4
Let i(p) = -p. Let q(x) = -5 - 4 - x**2 - 10*x + 2. Let u(s) = -4*i(s) + q(s). Let j be 38/(-8) + 2/(-8). Give u(j).
-2
Let q(o) = o - 5. Suppose 3*c - 48 = -5*v, -3*c + v + 4*v = -18. Suppose 5 = p, 7*p - 2*p + c = -4*l. Let m = -3 - l. What is q(m)?
1
Suppose 5*x - 3*p = -10, 0*p = x - 4*p + 19. Suppose 0 = k - 3 - x. Let m(z) = z**3 - 6*z**2 + 7*z - 4. Determine m(k).
-8
Let x(i) = 1 + 5*i - 4 + 0 + 4. Determine x(-2).
-9
Let q(f) = 6 - 5*f**3 - 4*f + 15*f**3 - 5*f**2 - 9*f**3 - f**2. Give q(6).
-18
Let t(z) = -z**3 + z**2 - z - 8. Let q be (16/28)/(4/14). Let g be 18/27 + q/(-3). What is t(g)?
-8
Suppose 0 = -2*t + 3*t - 1. Let g(v) = -11*v**2 + v. Calculate g(t).
-10
Suppose -k + 6*k - 30 = 0. Suppose 0 = -2*w + k, -4*r - 3*w - 2*w + 7 = 0. Let x(u) be the first derivative of u**4/4 - u**3/3 - u**2 + u - 13. Give x(r).
-7
Suppose -d + 3*l + 7 + 0 = 0, 5*d + 2*l + 33 = 0. Let o(z) be the third derivative of -z**4/24 - 5*z**3/3 + z**2. Calculate o(d).
-5
Let y(a) = -a. Suppose -2*v = 3 - 1. Let p be 1*(v - 0)*2. Calculate y(p).
2
Let g = -2 + 5. Let q(b) = 2 - 5 + 0*b - g*b. Determine q(3).
-12
Let n(u) = 2 - 2*u**2 - 1 - 3 - 2*u. Suppose 5*w = -4*z + 12, 16 = -6*z + 8*z + 5*w. What is n(z)?
-6
Let u(d) = -d**3 + 3*d**2 - 2*d - 1. Let h be u(2). Let s(o) = -4*o**2 - 2*o - 1. What is s(h)?
-3
Let f(m) be the third derivative of m**4/8 + m**3/3 - 2*m**2. What is f(-2)?
-4
Suppose 5*z + 0*z = -3*d + 49, 0 = 5*d - 3*z - 93. Let r = -3 - -4. Let u(o) = -d*o - r + 4 + 17*o - 2. What is u(-3)?
4
Let p(w) be the third derivative of -w**4/12 - w**3/2 + 4*w**2. Let r(a) = -3*a - 4. Let d(x) = 4*p(x) - 3*r(x). What is d(-5)?
-5
Let s(n) = n**2 - 6*n - 4. Let v(d) = -d - 1. Let u(z) = -z**2 + 2*z + 2. Let p be u(4). Let k be v(p). Determine s(k).
-9
Let m(x) be the third derivative of -x**4/24 + 2*x**3/3 + 2*x**2. Let f(w) = -1. Let b(l) = 2*f(l) + m(l). What is b(0)?
2
Let u = -4 + 10. Let j be (1 - 3)/((-4)/u). Let v(m) = m**3 - 3*m**2 + 2*m - 1. Determine v(j).
5
Let j(y) = 5*y**2 - 9*y + 11. Let a(d) = 6*d**2 - 9*d + 12. Let f(n) = 4*a(n) - 5*j(n). Calculate f(6).
11
Let w(o) = 2 + o - 4 + 5. Suppose -k = -5*p - 2*k - 25, 0 = -k. Let t be w(p). Let y(l) = -4*l - 1. Determine y(t).
7
Suppose 5 = -5*p + 15. Let q(b) = -b**3 + 2*b**2. What is q(p)?
0
Let n(i) be the first derivative of i**4/4 - 5*i**3/3 + 5*i**2/2 - 5*i + 28. Give n(5).
20
Let q = 49 - 44. Let v(u) = -u**3 + 6*u**2 - 2*u - 4. Determine v(q).
11
Let v(g) = g**2 + 5*g - 3. Let o be v(-4). Let c(p) = p + 8. Determine c(o).
1
Let g(u) = u**2 - 2*u + 1. Let l(o) = o**3 + 6*o**2 + 4*o - 3. Let v be l(-5). What is g(v)?
1
Let d = 2 - -3. Let i(k) be the third derivative of 2*k**2 + 0 - 1/24*k**4 + 0*k + k**3. Calculate i(d).
1
Let k(m) = 2*m**3 + m**2 + 2*m + 1. Let x(d) = -d**2 - 8*d + 10. Let n be x(-10). Let c be 6/(-4) + n/(-20). Calculate k(c).
-2
Let z(m) be the third derivative of -m**2 + 0 + 1/8*m**4 + 0*m + 1/60*m**5 - 1/2*m**3. Calculate z(-4).
1
Let l(n) be the first derivative of 2 + 1/3*n**3 + 6*n - 4*n**2. Determine l(5).
-9
Let r be -4 - (-3)/6*8. Let h(m) = -5*m**2 + 1 - m + r*m - 3*m**2. What is h(1)?
-8
Let a(z) = -z**2 - 6*z - 3. Let x(i) = 5*i**2 + 25*i + 11. Let p(l) = 9*a(l) + 2*x(l). Calculate p(4).
-5
Suppose 0 = 3*s + 2*s - 15. Suppose s = -v + 6. Let a(c) = c**3 - 2*c**2 - 4*c. Let y be a(v). Let g(p) = -p**2 - 4*p. Give g(y).
3
Let w(r) = r**2 + 7*r + 4. Let u(m) = m**2 + 6*m + 3. Let n be u(-2). Give w(n).
-6
Let w(a) be the third derivative of a**6/120 - a**5/12 - a**4/12 - 2*a**3/3 - 49*a**2. What is w(6)?
20
Let q(l) = 12*l + 5. Let t(c) = -30*c - 12. Let d(m) = 12*q(m) + 5*t(m). Determine d(2).
-12
Let m(t) be the second derivative of t**4/12 - 5*t**3/6 - t**2/2 - t. Let l be m(5). Let p(y) = 4*y**2. Let c be p(l). Let o(h) = -h**2 + 4*h - 5. Give o(c).
-5
Let x(j) = -j - 1. Let c be x(-7). Let s(t) = t**2 - 4*t - 5. Give s(c).
7
Let q(i) be the first derivative of -i**4/4 + 2*i**3 - 3*i**2/2 - 5*i - 19. Determine q(5).
5
Let t(w) be the second derivative of -w**4/12 + w**3 - 3*w**2 + 2*w. Suppose 0 = -0*q + 5*q - 20. Determine t(q).
2
Let z(g) = g**2 + 4*g + 4. Suppose 0 = 3*j - 2*i + 12, -3*j - 3*i = -7*j - 15. What is z(j)?
16
Let d(j) = 7 + 4*j - 1 + 8*j**2 - 9*j**2 + 0. Determine d(5).
1
Let v(x) = x - 4. Let u be v(0). Let r = u - 0. Let p(z) = -z**2 - 4*z. What is p(r)?
0
Let m(v) = -8 - 4*v - 3*v + 6*v. Determine m(-7).
-1
Let k(y) be the third derivative of -y**4/24 + y**3/2 + y**2. Let m(z) = -4*z - 73. Let p be m(-19). Determine k(p).
0
Let p(i) = -4*i + 12. Let z(l) = 6 + 12 - 12*l + 17. Let x(n) = -8*p(n) + 3*z(n). Determine x(6).
-15
Let h(j) = -j**2 + 4*j + 3. Let l = 145 - 140. Give h(l).
-2
Let w(m) = 3*